a9 (base 13) in base 6?
4320
What is -17ce (base 15) in base 4?
-1100120
-200 (base 5) to base 11
-46
Convert -5902 (base 13) to base 11.
-9441
Convert -10010000011 (base 2) to base 4.
-102003
Convert -11201 (base 3) to base 14.
-91
What is -621a (base 13) in base 10?
-13543
5524 (base 8) to base 6
21232
What is -130333 (base 4) in base 3?
-2112201
What is -cf8d (base 16) in base 5?
-3200013
-12142 (base 6) to base 16
-6fe
What is 840 (base 15) in base 3?
2112220
What is -1000110101 (base 2) in base 3?
-202221
Convert -10756 (base 10) to base 14.
-3cc4
Convert -224 (base 10) to base 12.
-168
Convert -612 (base 9) to base 5.
-3442
Convert -1000220 (base 3) to base 5.
-11003
Convert 3b11 (base 14) to base 11.
78a8
Convert -710 (base 15) to base 14.
-818
-113336 (base 7) to base 14
-761d
What is 22224 (base 6) in base 12?
1974
-5cf (base 16) to base 8
-2717
-318 (base 12) to base 16
-1c4
What is 1151 (base 7) in base 14?
228
What is -44615 (base 9) in base 10?
-29660
-1011010000 (base 2) to base 16
-2d0
Convert 1424 (base 5) to base 13.
155
Convert 2101043 (base 5) to base 14.
c81d
710 (base 9) to base 13
354
Convert 11100111 (base 2) to base 7.
450
-2500 (base 6) to base 7
-1533
-62 (base 16) to base 6
-242
What is -424 (base 7) in base 4?
-3112
Convert 3203 (base 4) to base 6.
1015
-45405 (base 6) to base 12
-3865
What is 101101111000100 (base 2) in base 8?
55704
What is -204144 (base 5) in base 15?
-2034
440140 (base 5) to base 2
11101011000101
What is -1cd (base 14) in base 3?
-111222
What is -1020201 (base 3) in base 4?
-32032
-25484 (base 9) to base 11
-11997
What is 1100 (base 2) in base 12?
10
Convert -274d (base 16) to base 9.
-14718
What is 30103201 (base 4) in base 14?
14521
Convert -133a (base 13) to base 7.
-11012
Convert 23961 (base 12) to base 11.
3309a
Convert -416 (base 8) to base 2.
-100001110
What is -a98 (base 13) in base 12?
-1073
Convert 100a (base 13) to base 7.
6302
What is -133 (base 8) in base 4?
-1123
Convert -5f6 (base 16) to base 5.
-22101
What is 403 (base 6) in base 15?
9c
1020 (base 8) to base 15
253
97 (base 15) to base 8
216
1104 (base 9) to base 13
4a8
-1403 (base 6) to base 8
-553
-4dc (base 16) to base 14
-64c
What is 2412 (base 7) in base 6?
4043
-21053 (base 7) to base 6
-35555
23343 (base 5) to base 2
11010111011
What is -10010010 (base 2) in base 5?
-1041
Convert 11110000001 (base 2) to base 3.
2122011
917 (base 10) to base 11
764
Convert -5255 (base 7) to base 2.
-11100111101
What is 1001010110011010 (base 2) in base 13?
14580
What is 3c2 (base 16) in base 10?
962
-1493 (base 14) to base 16
-e49
What is -207 (base 15) in base 13?
-292
What is -2667 (base 15) in base 12?
-48b1
What is -10001100111001 (base 2) in base 16?
-2339
Convert 2142 (base 12) to base 11.
2819
What is -628 (base 10) in base 8?
-1164
-55a (base 14) to base 8
-2044
-177c (base 15) to base 2
-1001111001011
-10100101001 (base 2) to base 7
-3565
-254560 (base 7) to base 16
-b8ae
Convert 4160 (base 16) to base 9.
24855
1002012211 (base 3) to base 5
1140143
-7a13 (base 13) to base 8
-41275
Convert -10102222022 (base 3) to base 7.
-401414
Convert -12210 (base 3) to base 14.
-b2
14a23 (base 13) to base 9
58528
13320 (base 4) to base 8
770
110303 (base 4) to base 8
2463
Convert 500 (base 9) to base 16.
195
5ba8 (base 13) to base 6
140034
Convert 4b17 (base 12) to base 14.
3163
6175 (base 9) to base 2
1000110101011
What is a572 (base 15) in base 16?
88a6
-186 (base 11) to base 2
-11010111
-142504 (base 7) to base 15
-8181
-454 (base 8) to base 14
-176
What is 43224 (base 5) in base 9?
4025
Convert 238 (base 14) to base 6.
2014
-11242 (base 7) to base 3
-10221101
What is 1305 (base 6) in base 9?
405
What is -673 (base 8) in base 2?
-110111011
89c (base 13) to base 5
21411
8b (base 13) to base 6
311
What is -1331 (base 5) in base 3?
-22000
What is -10111001010 (base 2) in base 6?
-10510
Convert -1111 (base 12) to base 7.
-5332
What is 1961 (base 10) in base 12?
1175
102222 (base 3) to base 10
323
-9b8 (base 16) to base 12
-1534
Convert -1111001211 (base 3) to base 4.
-13020121
What is 2c8d (base 16) in base 14?
4229
What is 75b (base 15) in base 6?
11405
-31524 (base 6) to base 13
-1c5a
Convert 24797 (base 13) to base 5.
4122332
Convert 12021 (base 3) to base 13.
ac
What is 614 (base 13) in base 16?
407
What is -5331 (base 8) in base 2?
-101011011001
What is 222662 (base 7) in base 9?
60082
-140015 (base 6) to base 7
-52550
1101012011 (base 3) to base 10
27112
What is -43047 (base 10) in base 5?
-2334142
What is 31b (base 15) in base 6?
3125
Convert 61c (base 16) to base 10.
1564
414201 (base 5) to base 13
62c0
What is -230002 (base 4) in base 9?
-3771
1783 (base 10) to base 5
24113
What is 12321 (base 5) in base 13?
58c
-11bbd (base 16) to base 4
-101232331
What is 26201 (base 7) in base 8?
15457
What is 2002231 (base 5) in base 11?
21797
332100 (base 4) to base 9
5416
Convert 3132210 (base 4) to base 14.
5296
Convert 1120020 (base 3) to base 9.
1506
-223401 (base 6) to base 7
-106132
What is 135 (base 15) in base 7?
542
Convert 6310 (base 7) to base 12.
1344
Convert -2 (base 13) to base 14.
-2
1011000011 (base 2) to base 9
865
-494 (base 12) to base 11
-576
3534 (base 6) to base 14
44a
What is 1010111110010011 (base 2) in base 10?
44947
What is -100000011001 (base 2) in base 4?
-200121
What is 45151 (base 6) in base 8?
14273
105330 (base 6) to base 5
241412
What is 11000111001 (base 2) in base 7?
4434
Convert 1242230 (base 6) to base 16.
1094a
Convert -392 (base 13) to base 2.
-1001110010
What is 360a (base 11) in base 10?
4729
-21022 (base 3) to base 11
-16a
-163404 (base 7) to base 16
-7eba
2401 (base 6) to base 9
711
Convert 12130 (base 4) to base 14.
216
2b57 (base 14) to base 12
4575
What is -315 (base 7) in base 4?
-2133
21 (base 14) to base 4
131
21663 (base 7) to base 15
1959
What is -300b (base 15) in base 6?
-114532
241454 (base 6) to base 14
79b4
Convert 23410 (base 5) to base 13.
a31
3441 (base 10) to base 3
11201110
What is -821 (base 9) in base 11?
-557
Convert 82 (base 11) to base 12.
76
What is 20221100 (base 3) in base 14?
1bb4
-1142 (base 7) to base 13
-266
-110011011000 (base 2) to base 15
-e93
5512 (base 6) to base 5
20033
101111111001110 (base 2) to base 3
1020122101
What is -116 (base 13) in base 5?
-1223
233 (base 11) to base 8
426
Convert 43440 (base 7) to base 3.
112220010
Convert -1011101110 (base 2) to base 13.
-459
155010 (base 6) to base 12
8a66
Convert 111100100 (base 2) to base 13.
2b3
Convert -25 (base 15) to base 16.
-23
Convert -24524 (base 7) to base 4.
-1210211
What is 110110100 (base 2) in base 6?
2004
5350 (base 12) to base 16
23ac
What is -101332013 (base 4) in base 6?
-1324435
Convert 607 (base 9) to base 6.
2141
-455 (base 7) to base 14
-12c
What is 446 (base 8) in base 6?
1210
63e4 (base 15) to base 3
1001222221
Convert -1011001001 (base 2) to base 5.
-10323
5311 (base 8) to base 16
ac9
27043 (base 9) to base 4
10131120
20a4 (base 12) to base 7
13303
525 (base 6) to base 12
145
What is -101110110 (base 2) in base 4?
-11312
208 (base 13) to base 11
295
Convert 2201201 (base 3) to base 15.
8ca
What is -5029 (base 12) in base 9?
-12806
Convert -22331203 (base 4) to base 11.
-30808
What is -1045 (base 7) in base 6?
-1424
-1435 (base 16) to base 6
-35541
Convert -243255 (base 6) to base 12.
-1052b
Convert -356 (base 8) to base 2.
-11101110
What is 9290 (base 12) in base 2?
11111001001100
What is 101220022 (base 3) in base 16?
1f0a
163051 (base 8) to base 12
2a121
What is -1069 (base 10) in base 14?
-565
Convert 13111 (base 5) to base 2.
10000000111
What is -c03 (base 13) in base 6?
-13223
Convert 100101011101 (base 2) to base 6.
15033
Convert -11331120 (base 4) to base 10.
-24408
What is 2221010 (base 4) in base 12?
6318
What is -21 (base 16) in base 12?
-29
What is -27 (base 14) in base 6?
-55
Convert -214 (base 11) to base 13.
-16a
-222021 (base 3) to base 11
-595
Convert -b3a1 (base 16) to base 11.
-31605
1022110 (base 3) to base 13
588
21532 (base 6) to base 5
44013
-100022 (base 4) to base 5
-13114
What is 59876 (base 10) in base 16?
e9e4
38891 (base 10) to base 13
14918
Convert 15337 (base 9) to base 8.
24363
What is 131 (base 5) in base 16?
29
What is 2652 (base 12) in base 10?
4382
Convert 12110